{"id":7379,"date":"2023-08-25T10:07:26","date_gmt":"2023-08-25T08:07:26","guid":{"rendered":"https:\/\/masfred.com\/?page_id=7379"},"modified":"2023-08-28T13:21:31","modified_gmt":"2023-08-28T11:21:31","slug":"aviso-legal","status":"publish","type":"page","link":"https:\/\/masfred.com\/?page_id=7379","title":{"rendered":"Aviso Legal"},"content":{"rendered":"\t\t<div data-elementor-type=\"wp-page\" data-elementor-id=\"7379\" class=\"elementor elementor-7379\" data-elementor-post-type=\"page\">\n\t\t\t\t\t\t<section class=\"elementor-section elementor-top-section elementor-element elementor-element-05b9725 elementor-section-height-min-height elementor-section-boxed elementor-section-height-default elementor-section-items-middle\" data-id=\"05b9725\" data-element_type=\"section\">\n\t\t\t\t\t\t<div class=\"elementor-container elementor-column-gap-default\">\n\t\t\t\t\t<div class=\"elementor-column elementor-col-100 elementor-top-column elementor-element elementor-element-6787411\" data-id=\"6787411\" data-element_type=\"column\">\n\t\t\t<div class=\"elementor-widget-wrap elementor-element-populated\">\n\t\t\t\t\t\t<div class=\"elementor-element elementor-element-4d19905 elementor-widget elementor-widget-heading\" data-id=\"4d19905\" data-element_type=\"widget\" data-widget_type=\"heading.default\">\n\t\t\t\t<div class=\"elementor-widget-container\">\n\t\t\t\t\t<h2 class=\"elementor-heading-title elementor-size-default\">Aviso  legal<\/h2>\t\t\t\t<\/div>\n\t\t\t\t<\/div>\n\t\t\t\t<div class=\"elementor-element elementor-element-3f93002 elementor-widget elementor-widget-text-editor\" data-id=\"3f93002\" data-element_type=\"widget\" data-widget_type=\"text-editor.default\">\n\t\t\t\t<div class=\"elementor-widget-container\">\n\t\t\t\t\t\t\t\t\t<ol><li class=\"bodytext\">El titular de este sitio web es MASFRED S.L., con N.I.F. B17662396, con domicilio en calle Anselm Clav\u00e9, 75 &#8211; bajo-B, local, con c\u00f3digo postal 17300 de Blanes (Girona)..<\/li><li>El acceso al site de MASFRED S.L. es gratuito. Todo el contenido es propiedad intelectual de MASFRED S.L.. Cualquier utilizaci\u00f3n de los mismos contraria a las normas en materia de propiedad intelectual ser\u00e1 perseguida con arreglo a la legislaci\u00f3n vigente.<\/li><\/ol>\t\t\t\t\t\t\t\t<\/div>\n\t\t\t\t<\/div>\n\t\t\t\t\t<\/div>\n\t\t<\/div>\n\t\t\t\t\t<\/div>\n\t\t<\/section>\n\t\t\t\t<\/div>\n\t\t","protected":false},"excerpt":{"rendered":"<p>Aviso legal El titular de este sitio web es MASFRED S.L., con N.I.F. B17662396, con domicilio en calle Anselm Clav\u00e9, 75 &#8211; bajo-B, local, con c\u00f3digo postal 17300 de Blanes (Girona).. El acceso al site de MASFRED S.L. es gratuito. Todo el contenido es propiedad intelectual de MASFRED S.L.. Cualquier utilizaci\u00f3n de los mismos contraria [&hellip;]<\/p>\n","protected":false},"author":1,"featured_media":0,"parent":0,"menu_order":0,"comment_status":"closed","ping_status":"closed","template":"elementor_header_footer","meta":{"footnotes":""},"class_list":["post-7379","page","type-page","status-publish","hentry"],"_links":{"self":[{"href":"https:\/\/masfred.com\/index.php?rest_route=\/wp\/v2\/pages\/7379","targetHints":{"allow":["GET"]}}],"collection":[{"href":"https:\/\/masfred.com\/index.php?rest_route=\/wp\/v2\/pages"}],"about":[{"href":"https:\/\/masfred.com\/index.php?rest_route=\/wp\/v2\/types\/page"}],"author":[{"embeddable":true,"href":"https:\/\/masfred.com\/index.php?rest_route=\/wp\/v2\/users\/1"}],"replies":[{"embeddable":true,"href":"https:\/\/masfred.com\/index.php?rest_route=%2Fwp%2Fv2%2Fcomments&post=7379"}],"version-history":[{"count":7,"href":"https:\/\/masfred.com\/index.php?rest_route=\/wp\/v2\/pages\/7379\/revisions"}],"predecessor-version":[{"id":7825,"href":"https:\/\/masfred.com\/index.php?rest_route=\/wp\/v2\/pages\/7379\/revisions\/7825"}],"wp:attachment":[{"href":"https:\/\/masfred.com\/index.php?rest_route=%2Fwp%2Fv2%2Fmedia&parent=7379"}],"curies":[{"name":"wp","href":"https:\/\/api.w.org\/{rel}","templated":true}]}}